v = -s + 1 - 0, -s = -p. Suppose 0*o - 70 = -5*o - 2*a, -3*o + 63 = -v*a. What is the tens digit of o?
1
Suppose -15*t - 3065 = -5*n - 18*t, -3075 = -5*n - t. What is the hundreds digit of n?
6
Let u be (-15)/(-5) + 0 + 246. Suppose -43*h + u = -42*h. What is the units digit of h?
9
Suppose l - 5*x + 434 = 3*l, 4*l + 2*x - 836 = 0. What is the units digit of l?
7
Let r(w) = 0*w**2 - 11*w - w**3 + 12*w + 10 + 0*w**3 - 7*w**2. Let i = -15 + 8. What is the units digit of r(i)?
3
Let h = -1235 + 2464. What is the units digit of h?
9
Suppose -3*i = 6*i + 5*i. Suppose i = 12*o - 56 - 40. What is the units digit of o?
8
Suppose 1491 = -4*g - r, 3*g + 5*r + 615 + 516 = 0. Let w be ((-3)/9)/((-4)/g). Let x = -16 - w. What is the units digit of x?
5
Let w(p) = -11*p + 1. Let u be 536/44 + 6/(-33). Let d(r) = -r + 10. Let n be d(u). What is the units digit of w(n)?
3
Let f be (-3)/7 + 874/161. Suppose -422 = -4*o - 3*m + 5*m, 0 = -f*m - 5. What is the tens digit of o?
0
Let f = -6 - -10. Suppose -2*o + 54 = -0*w + 3*w, -f*w + 92 = -4*o. Suppose -3*t + 4*t - w = 0. What is the units digit of t?
0
Suppose -14*y + 27*y = 12584. What is the tens digit of y?
6
Let x(i) = -i**2 - 41*i - 88. What is the units digit of x(-30)?
2
Suppose m - 75 = -4*m. Let i = 44 + -44. Suppose i = -k + 6*k + m, -2*q - 2*k = -16. What is the units digit of q?
1
Suppose 5*t + 3*c = 2*c + 15, -t + 3 = -4*c. Suppose -t*k = -30 - 3. Let q = k + 26. What is the tens digit of q?
3
Let p(o) = -o**3 - 3*o**2 - o - 2. Let b be p(-3). Suppose -x = b, 283 = 3*i - i - x. What is the tens digit of i?
4
Suppose -3*h + 12184 = -2*k, -4*h + 9*k + 16247 = 6*k. What is the tens digit of h?
5
Let i = 4 + 21. What is the tens digit of (i/4)/(4/32)?
5
Suppose 12*a = 654 + 7686. What is the hundreds digit of a?
6
Let d = 414 - -455. What is the hundreds digit of d?
8
Let v(f) = 4*f - 22. Let g be v(5). What is the tens digit of (g - -5)*(14 + -7)?
2
Let n(x) = x**2 - x + 15. What is the tens digit of n(15)?
2
Suppose 0*y = -6*y - 546. Let o = -44 - y. What is the tens digit of o?
4
Suppose 41970 = 41*h + 7694. What is the hundreds digit of h?
8
What is the tens digit of (-3404)/(-27) - 64/864?
2
Let t = -17 + 173. What is the units digit of t?
6
Suppose -8*m = -3*m + 3*x + 15, -4*m = -x - 5. Suppose m = -a - 7 + 9. What is the units digit of a?
2
Suppose 0*k - 3*k + 128 = -z, 2*k = -3*z - 340. Let a = -50 - z. What is the units digit of a?
6
Suppose 33464 - 6527 = 41*w. What is the hundreds digit of w?
6
Let w(m) = 3*m**2 + m + 12. Let z(n) = 2*n**2 + n + 8. Let b(o) = -5*w(o) + 8*z(o). Suppose 5*q + 1 = -y, -q = 4*y + 3*q + 20. What is the tens digit of b(y)?
2
Suppose 0 = 6*m - 21*m + 4470. What is the hundreds digit of m?
2
Let t be (-1 + 0 + 95)/1. Let i = t + -47. What is the tens digit of i?
4
Suppose -k = -2*k + 4. Let g be (-15)/(-60) + 83/k. Suppose -3*q = -g - 63. What is the units digit of q?
8
Let b = 49 + -25. Let m be (9/4)/((-9)/b). Let g(f) = -5*f - 7. What is the units digit of g(m)?
3
Let o = -43 - -48. Suppose o*b - b = -8, -3*b = -3*r + 255. What is the tens digit of r?
8
Let d be (-3 + 4)*(-12)/(-8)*2. Suppose d*p - 262 = 128. What is the hundreds digit of p?
1
Let u(b) = b**3 - 2*b**2 - 21*b + 52. What is the units digit of u(8)?
8
Let y(p) = -p. Let m be y(-3). What is the units digit of (2 + -5 - -9)*m?
8
Let g be 3 + -1*3/3. Let a be (-8)/((-2)/(-2) - g). Suppose -i + 31 - a = 0. What is the tens digit of i?
2
Let z(n) = n**3 - 10*n**2 + 3*n - 14. Let i be z(10). Let g = i - -65. What is the units digit of g?
1
Let k(s) = -2*s - 5 + s**2 + 3*s - 8 + 8. Let d(y) = y**3 + 8*y**2 + 6*y - 3. Let f be d(-7). What is the tens digit of k(f)?
1
Suppose -2*b + 0 = -20. Suppose -4*u + 382 = -5*a, 0 = -5*a - b. What is the units digit of u?
3
Suppose 6*m - 5*q - 29 = 4*m, -4*m - 4*q - 12 = 0. Suppose -m*n = -5*n + 180. What is the tens digit of n?
6
Suppose 9*v = 4912 - 214. Let p = -368 + v. What is the hundreds digit of p?
1
Let u = 173 - 262. Let f = 9 - u. What is the units digit of f?
8
Suppose 211*o + 11352 = 219*o. What is the tens digit of o?
1
Let m(w) = w - 7. Let h(p) = p - 6. Let c(l) = -3*h(l) + 2*m(l). Let v be c(4). Suppose -5*u + 7*u - 70 = v. What is the tens digit of u?
3
Let o(v) = -v**3 - 3*v**2 - 3*v. Let z be o(-2). Let j(d) = -3*d**2 + 14 + 0*d**2 + 40 + 4*d**z + 2*d. What is the units digit of j(0)?
4
Suppose -a - 10 = 4*w, -2*a = 2 - 6. Let l be 1*(0/(-1))/w. What is the units digit of (l + -3 + -1)*-4?
6
Let j(b) = -b**3 - 2*b**2 + 4*b + 3. Let y be j(-3). Suppose y = -4*q + x - 9, -3*q + 0 = -x + 7. What is the units digit of q/1 - (-100)/4?
3
Suppose 7*d = 8*d + 26. Let r = d + 31. Suppose -r*t + 170 = 4*q, 29 + 45 = 2*q - 3*t. What is the units digit of q?
0
Let x = 21 + -19. Let a be -2 + x + (-6)/(-3). Suppose -i + 36 = a*i. What is the tens digit of i?
1
Let y(x) = x**2 - 2*x**2 - 9 - x**2 + x**3 - 5*x**2. Let g be y(7). Let v(i) = -i**2 - 14*i - 6. What is the tens digit of v(g)?
3
Let n be 12/(-9) - 3/(-9). Let o = n + -5. What is the units digit of (2 - 1)*(0 - o)?
6
Let n(b) = -31*b + 22. Let z be n(-10). Suppose -2*h = h - 2*w - z, -4*h = -w - 441. What is the hundreds digit of h?
1
Suppose -9 = -3*i - 0*i, 0 = z - 4*i - 976. What is the units digit of z?
8
Let w(y) be the first derivative of -3*y**2 + y - 7. Let h be w(-1). Let j = 15 + h. What is the tens digit of j?
2
Suppose y - 175 + 170 = 0, 0 = s + 2*y - 3911. What is the thousands digit of s?
3
What is the units digit of -3 + (8*329 - 3) - -4?
0
Suppose 0*p + 5*p = 2*t - 72, 0 = -5*p + t - 76. Let y(d) = -21*d**3 + 2*d**2 - 2*d - 3. Let g be y(-1). Let w = p + g. What is the units digit of w?
6
Let q(z) = z**3 + 8*z**2 - 21*z. Let s be q(-10). Let j(h) = h**3 - 10*h**2 + 13*h + 3. What is the units digit of j(s)?
3
Suppose 3*s = -4*u + 184, -2*u + 5*s = 2*s - 110. What is the tens digit of u?
4
Suppose -15 = 3*w, -5*c + 2*w + 107 = -53. What is the units digit of c?
0
Let c(l) = -1 - 29 - 9*l**2 + 7*l - 11 - l. Let v(t) = -8*t**2 + 5*t - 40. Let g(a) = 6*c(a) - 7*v(a). What is the tens digit of g(0)?
3
Let k(d) = 27*d**3 - 3*d**2 + 2. What is the units digit of k(2)?
6
Suppose -y + 3*y + 2*g = 22, 0 = -3*g. Let t = y - 13. What is the units digit of t/3 - (-104)/12?
8
Suppose t - 2 = 0, 12*v - 3*t = 7*v + 169. What is the units digit of v?
5
Let j(z) be the first derivative of 4*z + 7/3*z**3 + 3/2*z**2 + 1/4*z**4 + 3. What is the tens digit of j(-6)?
2
Let t(j) = 5*j - 7. Let l be t(6). Suppose -2*w - 12 - l = 5*g, -w - g - 13 = 0. What is the units digit of w/(-35) - (-458)/14?
3
Let u(x) = 8*x**3 + 2*x**2 + x. Let r be u(-1). Let s = 9 + r. Suppose -s*v + 33 = v. What is the units digit of v?
1
Let p be (-2 + 4 - -1) + 3. Suppose p*i = -56 - 4. Let o = i - -24. What is the units digit of o?
4
What is the units digit of -5 + 1399 + (2 - 9)?
7
Let p(u) = -u**3 + 12*u**2 - 11*u - 2. Let g be p(11). What is the units digit of (-98)/g + 0 - -2?
1
Suppose -19*d + 15715 = -17725. What is the tens digit of d?
6
Suppose -27*t + 24*t + 27 = 0. Suppose -5*x = -47 - 23. Suppose -x*m = -t*m - 50. What is the units digit of m?
0
Suppose 5*b - 45 = 3*n, 0*b + 3*b - 27 = -2*n. Suppose b*p - 474 = 3*p. What is the tens digit of p?
7
Let y be (-2)/5 + 140/(-25). Let r be 30/20*(-16)/y. Suppose 4*h - 2*k - 38 = 0, -5*k = r*h + h - 55. What is the tens digit of h?
1
Let o(k) = -8*k - 196. What is the hundreds digit of o(-46)?
1
Let a = -15 + 16. Let i(g) = 9*g**2 + 31*g**2 + a - 4*g**2 - g**2. What is the tens digit of i(-1)?
3
Let a(u) = u + 14. Let i be a(-10). Let o be (34/i - 1)*-2. What is the units digit of (8/5)/((-3)/o)?
8
Suppose -5*a + 1482 = t, -2904 = -4*t + 2*t + 5*a. What is the thousands digit of t?
1
Let n(m) = -m**3 + 9*m**2 + 3*m + 7. What is the tens digit of n(8)?
9
Let t = 9105 + -4855. What is the tens digit of t?
5
Let t = 2 - 0. Suppose -t*g + 3 = -g. Suppose 0 = -6*o + g*o + 4*p + 8, 4*p + 16 = 4*o. What is the units digit of o?
8
What is the thousands digit of -2*(-2)/1*14412/48?
1
Let u be 4/2 - (-3 - 11). Let d = -5 + u. Let b(m) = -m**3 + 12*m**2 - 9*m - 20. What is the units digit of b(d)?
2
Suppose -27 = 2*v + n + 5, 62 = -3*v + 2*n. Let b = v + 20. Suppose 0 = b*h + 3 - 59. 